actors of 40555?
5, 8111
What are the prime factors of 373105?
5, 71, 1051
What are the prime factors of 263066?
2, 31, 4243
List the prime factors of 838978.
2, 7, 1223
What are the prime factors of 58166?
2, 127, 229
What are the prime factors of 603781?
603781
What are the prime factors of 237404?
2, 59351
What are the prime factors of 5097520?
2, 5, 63719
List the prime factors of 4460839.
19, 234781
What are the prime factors of 795635?
5, 227, 701
What are the prime factors of 8076613?
271, 29803
What are the prime factors of 45430?
2, 5, 7, 11, 59
What are the prime factors of 786434?
2, 11, 35747
What are the prime factors of 259065?
3, 5, 19, 101
List the prime factors of 1781930.
2, 5, 73, 2441
What are the prime factors of 1618831?
1618831
What are the prime factors of 2785332?
2, 3, 11, 21101
What are the prime factors of 10706495?
5, 2141299
What are the prime factors of 4940335?
5, 988067
What are the prime factors of 882234?
2, 3, 23, 2131
What are the prime factors of 133128?
2, 3, 43
List the prime factors of 206788.
2, 17, 3041
What are the prime factors of 22585272?
2, 3, 137, 6869
What are the prime factors of 2278534?
2, 37, 41, 751
List the prime factors of 413270.
2, 5, 11, 13, 17
List the prime factors of 231349.
231349
List the prime factors of 6256323.
3, 17, 103, 397
List the prime factors of 44715.
3, 5, 11, 271
What are the prime factors of 8481652?
2, 317, 6689
What are the prime factors of 17321231?
23, 71, 10607
What are the prime factors of 339280?
2, 5, 4241
List the prime factors of 603092.
2, 7, 17, 181
List the prime factors of 409902.
2, 3, 53, 1289
List the prime factors of 7798151.
19, 257, 1597
What are the prime factors of 3866367?
3, 19, 29, 2339
What are the prime factors of 15098381?
3137, 4813
What are the prime factors of 332102?
2, 47, 3533
What are the prime factors of 155949?
3, 227, 229
What are the prime factors of 8545670?
2, 5, 7, 122081
List the prime factors of 369513.
3, 41057
What are the prime factors of 2151982?
2, 7, 3137
What are the prime factors of 16441552?
2, 1027597
List the prime factors of 7945859.
457, 17387
List the prime factors of 3806047.
7, 29, 18749
What are the prime factors of 11855415?
3, 5, 11, 13, 5527
List the prime factors of 55238.
2, 71, 389
List the prime factors of 2533157.
11, 421, 547
What are the prime factors of 21200085?
3, 5, 193, 2441
What are the prime factors of 1535159?
1031, 1489
List the prime factors of 425082.
2, 3, 7, 29, 349
What are the prime factors of 298644?
2, 3, 41, 607
List the prime factors of 1815291.
3, 73, 307
What are the prime factors of 4123530?
2, 3, 5, 45817
List the prime factors of 2480559.
3, 53, 15601
List the prime factors of 95376.
2, 3, 1987
List the prime factors of 1711802.
2, 855901
What are the prime factors of 392332?
2, 43, 2281
What are the prime factors of 441953?
441953
What are the prime factors of 29989036?
2, 7, 11, 97367
What are the prime factors of 578958?
2, 3, 96493
List the prime factors of 1827745.
5, 173, 2113
List the prime factors of 37821906.
2, 3, 17, 123601
What are the prime factors of 782859?
3, 7, 11, 3389
List the prime factors of 1683344.
2, 13, 8093
What are the prime factors of 594796?
2, 17, 8747
What are the prime factors of 1041094?
2, 520547
List the prime factors of 4923906.
2, 3, 13, 63127
What are the prime factors of 142081?
47, 3023
List the prime factors of 672917.
7, 31, 443
What are the prime factors of 2952864?
2, 3, 10253
List the prime factors of 33987640.
2, 5, 849691
List the prime factors of 254362.
2, 89, 1429
List the prime factors of 5609065.
5, 7, 11, 17, 857
What are the prime factors of 13216805?
5, 7, 377623
What are the prime factors of 25601202?
2, 3, 11, 239, 541
List the prime factors of 16293655.
5, 7, 151, 3083
List the prime factors of 922372.
2, 11, 20963
What are the prime factors of 406391?
19, 73, 293
List the prime factors of 117709.
117709
List the prime factors of 5083180.
2, 5, 41, 6199
What are the prime factors of 92954?
2, 46477
List the prime factors of 4598916.
2, 3, 7, 53, 1033
List the prime factors of 18604215.
3, 5, 7, 19687
List the prime factors of 5634118.
2, 7, 43, 191
List the prime factors of 161313.
3, 17, 3163
List the prime factors of 8389861.
37, 226753
List the prime factors of 5739281.
5739281
What are the prime factors of 650117?
13, 43, 1163
What are the prime factors of 2126537?
7, 19, 59, 271
What are the prime factors of 1178152?
2, 19, 23, 337
What are the prime factors of 27644899?
881, 31379
What are the prime factors of 1791323?
1791323
What are the prime factors of 733264?
2, 7, 6547
List the prime factors of 134180.
2, 5, 6709
List the prime factors of 485780.
2, 5, 107, 227
What are the prime factors of 352957?
11, 2917
List the prime factors of 12122914.
2, 271, 22367
List the prime factors of 395614.
2, 197807
List the prime factors of 5418998.
2, 13, 29, 7187
What are the prime factors of 147099?
3, 49033
List the prime factors of 41606.
2, 71, 293
List the prime factors of 818316.
2, 3, 7577
List the prime factors of 337233.
3, 13, 8647
What are the prime factors of 1482503?
11, 307, 439
What are the prime factors of 12183040?
2, 5, 4759
What are the prime factors of 106775?
5, 4271
List the prime factors of 558208.
2, 7, 89
What are the prime factors of 419189?
419189
List the prime factors of 27994273.
27994273
List the prime factors of 284664.
2, 3, 29, 409
List the prime factors of 1069273.
1069273
List the prime factors of 1020151.
11, 8431
What are the prime factors of 1689823?
139, 12157
What are the prime factors of 608460?
2, 3, 5, 10141
List the prime factors of 9377974.
2, 23, 203869
What are the prime factors of 409476?
2, 3, 34123
List the prime factors of 4095231.
3, 7, 191, 1021
List the prime factors of 4784156.
2, 13, 92003
List the prime factors of 352405.
5, 70481
What are the prime factors of 3060221?
17, 10589
List the prime factors of 1312751.
11, 131, 911
List the prime factors of 51988.
2, 41, 317
List the prime factors of 629405.
5, 7, 367
List the prime factors of 6046536.
2, 3, 251939
What are the prime factors of 231535?
5, 46307
What are the prime factors of 396802?
2, 7, 4049
List the prime factors of 6187280.
2, 5, 11, 79, 89
What are the prime factors of 1230268?
2, 13, 59, 401
What are the prime factors of 608052?
2, 3, 50671
What are the prime factors of 3425501?
47, 72883
List the prime factors of 2150101.
2150101
List the prime factors of 236072.
2, 23, 1283
What are the prime factors of 255897?
3, 28433
What are the prime factors of 1776164?
2, 13, 34157
What are the prime factors of 11357584?
2, 7, 23, 4409
What are the prime factors of 1019032?
2, 7, 31, 587
What are the prime factors of 2196974?
2, 13, 84499
What are the prime factors of 426650?
2, 5, 7, 23, 53
What are the prime factors of 71931?
3, 23977
What are the prime factors of 13885511?
41, 269, 1259
List the prime factors of 20312546.
2, 10156273
What are the prime factors of 921566?
2, 197, 2339
What are the prime factors of 964290?
2, 3, 5, 32143
What are the prime factors of 7763?
7, 1109
List the prime factors of 10260240.
2, 3, 5, 42751
List the prime factors of 5363662.
2, 19, 191, 739
What are the prime factors of 281565?
3, 5, 6257
List the prime factors of 581900.
2, 5, 11, 23
List the prime factors of 27527357.
11, 13, 192499
What are the prime factors of 22432817?
11, 179, 11393
List the prime factors of 1072262.
2, 541, 991
What are the prime factors of 342857?
53, 6469
List the prime factors of 89306.
2, 7, 6379
List the prime factors of 667705.
5, 133541
What are the prime factors of 338748?
2, 3, 28229
What are the prime factors of 76017?
3, 25339
What are the prime factors of 663178?
2, 331589
What are the prime factors of 396923?
29, 13687
List the prime factors of 331944.
2, 3, 13831
List the prime factors of 35306.
2, 127, 139
What are the prime factors of 6906642?
2, 3, 37, 53, 587
List the prime factors of 77365.
5, 15473
What are the prime factors of 3206113?
31, 103423
List the prime factors of 14743507.
31, 475597
List the prime factors of 83514.
2, 3, 31, 449
What are the prime factors of 636604?
2, 167, 953
What are the prime factors of 1280595?
3, 5, 59, 1447
List the prime factors 